{"id":724,"date":"2018-01-31T20:48:50","date_gmt":"2018-01-31T19:48:50","guid":{"rendered":"http:\/\/demo.charlottesweb.hu\/vv\/?page_id=724"},"modified":"2018-02-26T09:46:10","modified_gmt":"2018-02-26T08:46:10","slug":"kapcsolat","status":"publish","type":"page","link":"https:\/\/www.veteranvolvo.hu\/?page_id=724","title":{"rendered":"Kapcsolat"},"content":{"rendered":"<p><strong>VETER\u00c1N VOLVO KLUB MAGYARORSZ\u00c1G EGYES\u00dcLET<\/strong><\/p>\n<hr \/>\n<table class=\"bordered\" style=\"height: 390px;\" width=\"701\">\n<tbody>\n<tr>\n<td>\u00a0Ad\u00f3sz\u00e1m<\/td>\n<td>18187489142<\/td>\n<\/tr>\n<tr>\n<td>Aktu\u00e1lis c\u00e9gjegyz\u00e9ksz\u00e1m<\/td>\n<td>00 18 187489<\/td>\n<\/tr>\n<tr>\n<td>Teljes n\u00e9v<\/td>\n<td><strong>Veter\u00e1n Volvo Klub Magyarorsz\u00e1g Egyes\u00fclet<\/strong><\/td>\n<\/tr>\n<tr>\n<td>Jogi forma<\/td>\n<td><strong>Egyes\u00fclet<\/strong><\/td>\n<\/tr>\n<tr>\n<td>Web c\u00edm<\/td>\n<td><strong>veteranvolvo.hu<\/strong><\/td>\n<\/tr>\n<tr>\n<td>E-mail<\/td>\n<td><strong>veteranvolvo@hotmail.com<\/strong><\/td>\n<\/tr>\n<tr>\n<td>Sz\u00e1mlasz\u00e1m<\/td>\n<td><strong>OTP Bank: 117-02043-20005870\u00a0\u00a0<\/strong><\/td>\n<\/tr>\n<tr>\n<td><\/td>\n<td><\/td>\n<\/tr>\n<tr>\n<td><\/td>\n<td><\/td>\n<\/tr>\n<tr>\n<td><\/td>\n<td><\/td>\n<\/tr>\n<\/tbody>\n<\/table>\n<hr \/>\n<p>&nbsp;<\/p>\n","protected":false},"excerpt":{"rendered":"<p>VETER\u00c1N VOLVO KLUB MAGYARORSZ\u00c1G EGYES\u00dcLET \u00a0Ad\u00f3sz\u00e1m 18187489142 Aktu\u00e1lis c\u00e9gjegyz\u00e9ksz\u00e1m 00 18 187489 Teljes n\u00e9v Veter\u00e1n Volvo Klub Magyarorsz\u00e1g Egyes\u00fclet Jogi forma Egyes\u00fclet Web c\u00edm veteranvolvo.hu E-mail veteranvolvo@hotmail.com Sz\u00e1mlasz\u00e1m OTP Bank: 117-02043-20005870\u00a0\u00a0 &nbsp;<\/p>\n","protected":false},"author":1,"featured_media":0,"parent":354,"menu_order":0,"comment_status":"closed","ping_status":"closed","template":"","meta":{"footnotes":""},"class_list":["post-724","page","type-page","status-publish","hentry"],"_links":{"self":[{"href":"https:\/\/www.veteranvolvo.hu\/index.php?rest_route=\/wp\/v2\/pages\/724","targetHints":{"allow":["GET"]}}],"collection":[{"href":"https:\/\/www.veteranvolvo.hu\/index.php?rest_route=\/wp\/v2\/pages"}],"about":[{"href":"https:\/\/www.veteranvolvo.hu\/index.php?rest_route=\/wp\/v2\/types\/page"}],"author":[{"embeddable":true,"href":"https:\/\/www.veteranvolvo.hu\/index.php?rest_route=\/wp\/v2\/users\/1"}],"replies":[{"embeddable":true,"href":"https:\/\/www.veteranvolvo.hu\/index.php?rest_route=%2Fwp%2Fv2%2Fcomments&post=724"}],"version-history":[{"count":14,"href":"https:\/\/www.veteranvolvo.hu\/index.php?rest_route=\/wp\/v2\/pages\/724\/revisions"}],"predecessor-version":[{"id":2096,"href":"https:\/\/www.veteranvolvo.hu\/index.php?rest_route=\/wp\/v2\/pages\/724\/revisions\/2096"}],"up":[{"embeddable":true,"href":"https:\/\/www.veteranvolvo.hu\/index.php?rest_route=\/wp\/v2\/pages\/354"}],"wp:attachment":[{"href":"https:\/\/www.veteranvolvo.hu\/index.php?rest_route=%2Fwp%2Fv2%2Fmedia&parent=724"}],"curies":[{"name":"wp","href":"https:\/\/api.w.org\/{rel}","templated":true}]}}