{"id":4894,"date":"2019-01-13T17:06:18","date_gmt":"2019-01-13T16:06:18","guid":{"rendered":"http:\/\/www.veteranvolvo.hu\/?page_id=4894"},"modified":"2020-02-25T00:02:58","modified_gmt":"2020-02-24T23:02:58","slug":"javitasi-segedletek","status":"publish","type":"page","link":"https:\/\/www.veteranvolvo.hu\/?page_id=4894","title":{"rendered":"Jav\u00edt\u00e1si seg\u00e9dletek"},"content":{"rendered":"<p><\/p>\n<p>Let\u00f6lthet\u0151 PPT form\u00e1ban<\/p>\n\n\n<div class=\"wp-block-file\"><a href=\"http:\/\/www.veteranvolvo.hu\/wp-content\/uploads\/2019\/10\/940-difi-szimmering-csere-2.pptx\">940-difi-szimmering-csere-2<\/a><a href=\"http:\/\/www.veteranvolvo.hu\/wp-content\/uploads\/2019\/10\/940-difi-szimmering-csere-2.pptx\" class=\"wp-block-file__button\" download>Let\u00f6lt\u00e9s<\/a><\/div>\n\n\n\n<figure class=\"wp-block-image size-large\"><img decoding=\"async\" src=\"https:\/\/www.veteranvolvo.hu\/wp-content\/uploads\/2020\/02\/wetransfer-458a77.zip\" alt=\"\" class=\"wp-image-5762\"\/><figcaption>Volvo 244-245 \u00e1br\u00e1k sv\u00e9d nyelven PDF-ben<br><\/figcaption><\/figure>\n\n\n\n<p><\/p>\n","protected":false},"excerpt":{"rendered":"<p>Let\u00f6lthet\u0151 PPT form\u00e1ban<\/p>\n","protected":false},"author":5,"featured_media":0,"parent":939,"menu_order":0,"comment_status":"closed","ping_status":"closed","template":"","meta":{"footnotes":""},"class_list":["post-4894","page","type-page","status-publish","hentry"],"_links":{"self":[{"href":"https:\/\/www.veteranvolvo.hu\/index.php?rest_route=\/wp\/v2\/pages\/4894","targetHints":{"allow":["GET"]}}],"collection":[{"href":"https:\/\/www.veteranvolvo.hu\/index.php?rest_route=\/wp\/v2\/pages"}],"about":[{"href":"https:\/\/www.veteranvolvo.hu\/index.php?rest_route=\/wp\/v2\/types\/page"}],"author":[{"embeddable":true,"href":"https:\/\/www.veteranvolvo.hu\/index.php?rest_route=\/wp\/v2\/users\/5"}],"replies":[{"embeddable":true,"href":"https:\/\/www.veteranvolvo.hu\/index.php?rest_route=%2Fwp%2Fv2%2Fcomments&post=4894"}],"version-history":[{"count":7,"href":"https:\/\/www.veteranvolvo.hu\/index.php?rest_route=\/wp\/v2\/pages\/4894\/revisions"}],"predecessor-version":[{"id":5764,"href":"https:\/\/www.veteranvolvo.hu\/index.php?rest_route=\/wp\/v2\/pages\/4894\/revisions\/5764"}],"up":[{"embeddable":true,"href":"https:\/\/www.veteranvolvo.hu\/index.php?rest_route=\/wp\/v2\/pages\/939"}],"wp:attachment":[{"href":"https:\/\/www.veteranvolvo.hu\/index.php?rest_route=%2Fwp%2Fv2%2Fmedia&parent=4894"}],"curies":[{"name":"wp","href":"https:\/\/api.w.org\/{rel}","templated":true}]}}