{"id":4791,"date":"2018-11-03T16:53:21","date_gmt":"2018-11-03T15:53:21","guid":{"rendered":"http:\/\/www.veteranvolvo.hu\/?page_id=4791"},"modified":"2018-11-03T17:14:34","modified_gmt":"2018-11-03T16:14:34","slug":"klasszikus-autok-nyomaban","status":"publish","type":"page","link":"https:\/\/www.veteranvolvo.hu\/?page_id=4791","title":{"rendered":"Klasszikus aut\u00f3k nyom\u00e1ban PV544"},"content":{"rendered":"<h3 class=\"LC20lb\"><span style=\"color: #800000;\"><em>Klasszikus aut\u00f3k nyom\u00e1ban (Chasing Classic Cars)<\/em><\/span><\/h3>\n<p>A legt\u00f6bb megtett km is volvohoz kapcsolhat\u00f3 (volvoP1800)<br \/>\nAz al\u00e1bbiak szerint val\u00f3sz\u00edn\u0171, h a megtett legkevesebb km is. \ud83d\ude1b<\/p>\n<p><em><span style=\"color: #339966;\">A klasszikus aut\u00f3k nyom\u00e1ban c\u00edm\u0171 m\u0171sorban szerepelt egy 544-es volvo 6 km-el. F\u00f3li\u00e1k az \u00fcl\u00e9sen, az ajt\u00f3kon \u00e9s pap\u00edr a napellenz\u0151n. Gyakorlatilag 0 km-es. M\u00e9g gazd\u00e1ja sem volt. Voltak alkatr\u00e9szek amik fel se voltak szerelve. A m\u0171sor 2016-os.<\/span> <\/em><\/p>\n<p><a href=\"https:\/\/www.youtube.com\/watch?v=iN0ITV_AEuw\">https:\/\/www.youtube.com\/watch?v=iN0ITV_AEuw<\/a><\/p>\n<p>&nbsp;<\/p>\n<p><iframe title=\"1965 544 Volvo with Only Four Miles!\" width=\"640\" height=\"360\" src=\"https:\/\/www.youtube.com\/embed\/iN0ITV_AEuw?feature=oembed\" frameborder=\"0\" allow=\"accelerometer; autoplay; clipboard-write; encrypted-media; gyroscope; picture-in-picture; web-share\" referrerpolicy=\"strict-origin-when-cross-origin\" allowfullscreen><\/iframe><\/p>\n<p>&nbsp;<\/p>\n","protected":false},"excerpt":{"rendered":"<p>Klasszikus aut\u00f3k nyom\u00e1ban (Chasing Classic Cars) A legt\u00f6bb megtett km is volvohoz kapcsolhat\u00f3 (volvoP1800) Az al\u00e1bbiak szerint val\u00f3sz\u00edn\u0171, h a megtett legkevesebb km is. \ud83d\ude1b A klasszikus aut\u00f3k nyom\u00e1ban c\u00edm\u0171 m\u0171sorban szerepelt egy 544-es volvo 6 km-el. F\u00f3li\u00e1k az \u00fcl\u00e9sen, az ajt\u00f3kon \u00e9s pap\u00edr a napellenz\u0151n. Gyakorlatilag 0 km-es. M\u00e9g gazd\u00e1ja sem volt. Voltak alkatr\u00e9szek [&hellip;]<\/p>\n","protected":false},"author":5,"featured_media":0,"parent":0,"menu_order":0,"comment_status":"closed","ping_status":"closed","template":"","meta":{"footnotes":""},"class_list":["post-4791","page","type-page","status-publish","hentry"],"_links":{"self":[{"href":"https:\/\/www.veteranvolvo.hu\/index.php?rest_route=\/wp\/v2\/pages\/4791","targetHints":{"allow":["GET"]}}],"collection":[{"href":"https:\/\/www.veteranvolvo.hu\/index.php?rest_route=\/wp\/v2\/pages"}],"about":[{"href":"https:\/\/www.veteranvolvo.hu\/index.php?rest_route=\/wp\/v2\/types\/page"}],"author":[{"embeddable":true,"href":"https:\/\/www.veteranvolvo.hu\/index.php?rest_route=\/wp\/v2\/users\/5"}],"replies":[{"embeddable":true,"href":"https:\/\/www.veteranvolvo.hu\/index.php?rest_route=%2Fwp%2Fv2%2Fcomments&post=4791"}],"version-history":[{"count":3,"href":"https:\/\/www.veteranvolvo.hu\/index.php?rest_route=\/wp\/v2\/pages\/4791\/revisions"}],"predecessor-version":[{"id":4801,"href":"https:\/\/www.veteranvolvo.hu\/index.php?rest_route=\/wp\/v2\/pages\/4791\/revisions\/4801"}],"wp:attachment":[{"href":"https:\/\/www.veteranvolvo.hu\/index.php?rest_route=%2Fwp%2Fv2%2Fmedia&parent=4791"}],"curies":[{"name":"wp","href":"https:\/\/api.w.org\/{rel}","templated":true}]}}

Klasszikus autók nyomában PV544

<h3 class="LC20lb"><span style="color: #800000;"><em>Klasszikus autók nyomában (Chasing Classic Cars)</em></span></h3>
<p>A legtöbb megtett km is volvohoz kapcsolható (volvoP1800)<br />
Az alábbiak szerint valószínű, h a megtett legkevesebb km is. 😛</p>
<p><em><span style="color: #339966;">A klasszikus autók nyomában című műsorban szerepelt egy 544-es volvo 6 km-el. Fóliák az ülésen, az ajtókon és papír a napellenzőn. Gyakorlatilag 0 km-es. Még gazdája sem volt. Voltak alkatrészek amik fel se voltak szerelve. A műsor 2016-os.</span> </em></p>
<p><a href="https://www.youtube.com/watch?v=iN0ITV_AEuw">https://www.youtube.com/watch?v=iN0ITV_AEuw</a></p>
<p>&nbsp;</p>
<p><iframe title="1965 544 Volvo with Only Four Miles!" width="640" height="360" src="https://www.youtube.com/embed/iN0ITV_AEuw?feature=oembed" frameborder="0" allow="accelerometer; autoplay; clipboard-write; encrypted-media; gyroscope; picture-in-picture; web-share" referrerpolicy="strict-origin-when-cross-origin" allowfullscreen></iframe></p>
<p>&nbsp;</p>

<p>Klasszikus autók nyomában (Chasing Classic Cars) A legtöbb megtett km is volvohoz kapcsolható (volvoP1800) Az alábbiak szerint valószínű, h a megtett legkevesebb km is. 😛 A klasszikus autók nyomában című műsorban szerepelt egy 544-es volvo 6 km-el. Fóliák az ülésen, az ajtókon és papír a napellenzőn. Gyakorlatilag 0 km-es. Még gazdája sem volt. Voltak alkatrészek [&hellip;]</p>
