{"id":4327,"date":"2018-04-05T23:34:27","date_gmt":"2018-04-05T21:34:27","guid":{"rendered":"http:\/\/www.veteranvolvo.hu\/?page_id=4327"},"modified":"2019-03-18T23:08:15","modified_gmt":"2019-03-18T22:08:15","slug":"orszagos-volvo-talalkozok","status":"publish","type":"page","link":"https:\/\/www.veteranvolvo.hu\/?page_id=4327","title":{"rendered":"Orsz\u00e1gos Volvo Tal\u00e1lkoz\u00f3"},"content":{"rendered":"<h2 style=\"text-align: center;\"><em><strong><span style=\"color: #0000ff;\">2019<\/span><\/strong><\/em><br \/>\nId\u00e9n is megrendez\u00e9sre ker\u00fcl az \u00e9venk\u00e9nti megszokott:<\/h2>\n<h2 style=\"text-align: center;\"><em><strong><span style=\"color: #333399;\">ORSZ\u00c1GOS VOLVO TAL\u00c1LKOZ\u00d3.<\/span><\/strong><\/em><\/h2>\n<p style=\"text-align: center;\"><em>Az esem\u00e9ny Facebook oldala:<\/em> <span style=\"color: #33cccc;\"><a style=\"color: #33cccc;\" href=\"https:\/\/www.facebook.com\/events\/621297338229781\/\"><strong>XXIII. OVT<\/strong><\/a><\/span><\/p>\n<p style=\"text-align: center;\"><span style=\"color: #ff0000;\"><strong>Id\u0151pont:<\/strong> 2019. J\u00fanius 15 (szombat) d\u00e9lel\u0151tt 10:00 \u2013 15:00-ig.<br \/>\n<strong>Helysz\u00edn:<\/strong> T\u00f6k\u00f6li rept\u00e9r.<br \/>\n<\/span><strong><span style=\"color: #339966;\">K\u00f6z\u00f6s konvoj a f\u00f3rumon szervez\u0151dik.<\/span><\/strong><span style=\"color: #ff0000;\"><br \/>\n<\/span><\/p>\n<p style=\"text-align: center;\"><em>V\u00e1runk mindenkit szeretettel.<\/em><br \/>\n<em> Ha valakinek nincs FB oldala az jelentkezhet a f\u00f3rumon is vagy ak\u00e1r szem\u00e9lyesen a klub mail c\u00edm\u00e9n. ?<\/em><\/p>\n","protected":false},"excerpt":{"rendered":"<p>2019 Id\u00e9n is megrendez\u00e9sre ker\u00fcl az \u00e9venk\u00e9nti megszokott: ORSZ\u00c1GOS VOLVO TAL\u00c1LKOZ\u00d3. Az esem\u00e9ny Facebook oldala: XXIII. OVT Id\u0151pont: 2019. J\u00fanius 15 (szombat) d\u00e9lel\u0151tt 10:00 \u2013 15:00-ig. Helysz\u00edn: T\u00f6k\u00f6li rept\u00e9r. K\u00f6z\u00f6s konvoj a f\u00f3rumon szervez\u0151dik. V\u00e1runk mindenkit szeretettel. Ha valakinek nincs FB oldala az jelentkezhet a f\u00f3rumon is vagy ak\u00e1r szem\u00e9lyesen a klub mail c\u00edm\u00e9n. ?<\/p>\n","protected":false},"author":5,"featured_media":0,"parent":173,"menu_order":0,"comment_status":"closed","ping_status":"closed","template":"","meta":{"footnotes":""},"class_list":["post-4327","page","type-page","status-publish","hentry"],"_links":{"self":[{"href":"https:\/\/www.veteranvolvo.hu\/index.php?rest_route=\/wp\/v2\/pages\/4327","targetHints":{"allow":["GET"]}}],"collection":[{"href":"https:\/\/www.veteranvolvo.hu\/index.php?rest_route=\/wp\/v2\/pages"}],"about":[{"href":"https:\/\/www.veteranvolvo.hu\/index.php?rest_route=\/wp\/v2\/types\/page"}],"author":[{"embeddable":true,"href":"https:\/\/www.veteranvolvo.hu\/index.php?rest_route=\/wp\/v2\/users\/5"}],"replies":[{"embeddable":true,"href":"https:\/\/www.veteranvolvo.hu\/index.php?rest_route=%2Fwp%2Fv2%2Fcomments&post=4327"}],"version-history":[{"count":7,"href":"https:\/\/www.veteranvolvo.hu\/index.php?rest_route=\/wp\/v2\/pages\/4327\/revisions"}],"predecessor-version":[{"id":4978,"href":"https:\/\/www.veteranvolvo.hu\/index.php?rest_route=\/wp\/v2\/pages\/4327\/revisions\/4978"}],"up":[{"embeddable":true,"href":"https:\/\/www.veteranvolvo.hu\/index.php?rest_route=\/wp\/v2\/pages\/173"}],"wp:attachment":[{"href":"https:\/\/www.veteranvolvo.hu\/index.php?rest_route=%2Fwp%2Fv2%2Fmedia&parent=4327"}],"curies":[{"name":"wp","href":"https:\/\/api.w.org\/{rel}","templated":true}]}}

Országos Volvo Találkozó

<h2 style="text-align: center;"><em><strong><span style="color: #0000ff;">2019</span></strong></em><br />
Idén is megrendezésre kerül az évenkénti megszokott:</h2>
<h2 style="text-align: center;"><em><strong><span style="color: #333399;">ORSZÁGOS VOLVO TALÁLKOZÓ.</span></strong></em></h2>
<p style="text-align: center;"><em>Az esemény Facebook oldala:</em> <span style="color: #33cccc;"><a style="color: #33cccc;" href="https://www.facebook.com/events/621297338229781/"><strong>XXIII. OVT</strong></a></span></p>
<p style="text-align: center;"><span style="color: #ff0000;"><strong>Időpont:</strong> 2019. Június 15 (szombat) délelőtt 10:00 – 15:00-ig.<br />
<strong>Helyszín:</strong> Tököli reptér.<br />
</span><strong><span style="color: #339966;">Közös konvoj a fórumon szerveződik.</span></strong><span style="color: #ff0000;"><br />
</span></p>
<p style="text-align: center;"><em>Várunk mindenkit szeretettel.</em><br />
<em> Ha valakinek nincs FB oldala az jelentkezhet a fórumon is vagy akár személyesen a klub mail címén. ?</em></p>

<p>2019 Idén is megrendezésre kerül az évenkénti megszokott: ORSZÁGOS VOLVO TALÁLKOZÓ. Az esemény Facebook oldala: XXIII. OVT Időpont: 2019. Június 15 (szombat) délelőtt 10:00 – 15:00-ig. Helyszín: Tököli reptér. Közös konvoj a fórumon szerveződik. Várunk mindenkit szeretettel. Ha valakinek nincs FB oldala az jelentkezhet a fórumon is vagy akár személyesen a klub mail címén. ?</p>
