{"id":4167,"date":"2018-03-11T20:22:02","date_gmt":"2018-03-11T19:22:02","guid":{"rendered":"http:\/\/www.veteranvolvo.hu\/?page_id=4167"},"modified":"2019-09-21T20:00:27","modified_gmt":"2019-09-21T18:00:27","slug":"gyik","status":"publish","type":"page","link":"https:\/\/www.veteranvolvo.hu\/?page_id=4167","title":{"rendered":"GYIK"},"content":{"rendered":"<h3 style=\"text-align: center;\"><em><strong>Gyakori ism\u00e9tl\u0151d\u0151 k\u00e9rd\u00e9sek<br \/>\nFAQ<br \/>\n<\/strong><\/em><\/h3>\n<p><strong>1,<\/strong><\/p>\n<p><span style=\"color: #ff0000;\">Mennyi az \u00e9ves tagd\u00edj \u00e9s mi\u00e9rt j\u00f3 ha tag vagyok?<\/span><\/p>\n<p>Az \u00e9ves tagd\u00edjunk 6000 Ft. Mert tagnak lenni j\u00f3. \ud83d\ude1b Egy\u00e9bk\u00e9nt t\u00e9nyleg egy k\u00f6z\u00f6ss\u00e9g tagja vagy \u00e9s sok mindenben tudunk seg\u00edts\u00e9get ny\u00fajtani. Szinte minden \u00e9vben van Essenheim-i alkatr\u00e9sz b\u00f6rz\u00e9re t\u00fara. Az MNHJR n\u00e9l elfogadott klub vagyunk. \u00cdgy hozz\u00e1juk csak 1000 Ft ot kell befizetni a biztos\u00edt\u00e1shoz. De kedvezm\u00e9nyes biztos\u00edt\u00e1st mi is tudunk adni.Ezen k\u00edv\u00fcl kedvezm\u00e9nyes flott\u00e1s el\u0151fizet\u00e9st is.<\/p>\n<p><span style=\"color: #800000;\"><em><strong>Flott\u00e1s el\u0151fizet\u00e9ses csomagok \u00e9s d\u00edjaik.<br \/>\n<\/strong><\/em><\/span><br \/>\nA perc d\u00edj egys\u00e9gesen: 8,8 Ft\/perc<br \/>\n<em><strong><span style=\"color: #800000;\">1, csomag<\/span><\/strong><\/em> (NET n\u00e9lk\u00fcli)<br \/>\nHavid\u00edj: 1970Ft<br \/>\nA csomag 225 perc\/h\u00f3 lebesz\u00e9lhet\u0151s\u00e9get tartalmaz belf\u00f6ldi mobil \u00e9s vezet\u00e9kes ir\u00e1nyba.<br \/>\nSMS d\u00edja: 22Ft\/Db (a csomag 10 db belf\u00f6ldi ir\u00e1nyba k\u00fcld\u00f6tt ingyen SMS-t tartalmaz)<\/p>\n<p><span style=\"color: #800000;\"><em><strong>NET-es<\/strong><\/em> csomagok<\/span><\/p>\n<p><span style=\"color: #800000;\"><em><strong>2, csomag<\/strong><\/em><\/span> melyek 165 perc\/h\u00f3 lebesz\u00e9lhet\u0151s\u00e9get tartalmaz belf\u00f6ldi mobil \u00e9s vezet\u00e9kes ir\u00e1nyba.<br \/>\nSMS d\u00edja: 22Ft\/Db (a csomag 10 db belf\u00f6ldi ir\u00e1nyba k\u00fcld\u00f6tt ingyen SMS-t tartalmaz)<br \/>\nA NET elhaszn\u00e1l\u00e1sa eset\u00e9n a T-Mobil lelass\u00edtja a szolg\u00e1ltat\u00e1st a k\u00f6vetkez\u0151 h\u00f3nap elej\u00e9ig k\u00fcl\u00f6n d\u00edj n\u00e9lk\u00fcl. A NET belf\u00f6ld\u00f6n \u00e9s uni\u00f3n bel\u00fcl 100%-ban felhaszn\u00e1lhat\u00f3.<\/p>\n<p><em><strong><span style=\"color: #800000;\">3, csomag<\/span><\/strong><\/em> (500 MB NET\/h\u00f3). Havid\u00edj: 1880Ft<br \/>\n<span style=\"color: #800000;\"><em><strong>4, csomag<\/strong><\/em><\/span> (1GB NET\/h\u00f3). Havid\u00edj: 2550Ft<br \/>\n<em><strong><span style=\"color: #800000;\">5, csomag<\/span><\/strong><\/em> (3GB NET\/h\u00f3). Havid\u00edj: 4240Ft<br \/>\n<em><strong><span style=\"color: #800000;\">6, csomag<\/span><\/strong><\/em> (7GB NET\/h\u00f3). Havid\u00edj: 6900Ft<\/p>\n<p><span style=\"color: #800000;\"><em><strong>Korl\u00e1tlan csomagok<\/strong><\/em><\/span><\/p>\n<p>A k\u00f6vetkez\u0151 csomagok korl\u00e1tlan csomagok belf\u00f6ldi ir\u00e1nyba ind\u00edtott h\u00edv\u00e1sok \u00e9s SMS k\u00fcld\u00e9s eset\u00e9n.<br \/>\nA NET elhaszn\u00e1l\u00e1sa eset\u00e9n a T-Mobil lelass\u00edtja a szolg\u00e1ltat\u00e1st a k\u00f6vetkez\u0151 h\u00f3nap elej\u00e9ig k\u00fcl\u00f6n d\u00edj n\u00e9lk\u00fcl. A NET belf\u00f6ld\u00f6n \u00e9s uni\u00f3n bel\u00fcl 100%-ban felhaszn\u00e1lhat\u00f3.<\/p>\n<p><em><strong><span style=\"color: #800000;\">7, csomag<\/span><\/strong><\/em> (2GB NET\/h\u00f3): Havid\u00edj: 7100 Ft<br \/>\n<span style=\"color: #800000;\"><em><strong>8, csomag<\/strong><\/em><\/span> (5GB NET\/h\u00f3): Havid\u00edj: 8000 Ft<br \/>\n<em><strong><span style=\"color: #800000;\">9, csomag<\/span><\/strong><\/em> (7GB NET\/h\u00f3): Havid\u00edj: 9100 Ft<br \/>\n<em><strong><span style=\"color: #800000;\">10, csomag<\/span><\/strong><\/em> (10GB NET\/h\u00f3): Havid\u00edj: 10300 Ft<\/p>\n<p>A sz\u00e1ml\u00e1z\u00e1s m\u00e1sodperc alap\u00fa. Flott\u00e1n bel\u00fcl tov\u00e1bbra is ingyen besz\u00e9l\u00fcnk.<br \/>\nAz \u00e1rak brutt\u00f3ban \u00e9rtend\u0151k.\u00a0 a jelentkez\u0151k a T-com rendszer\u00e9be ker\u00fclnek be mivel \u0151 a szolg\u00e1ltat\u00f3. Sz\u00e1mhordoz\u00e1s lehets\u00e9ges.<\/p>\n<p><span style=\"color: #000000;\"><span style=\"color: #008000;\"><em>Ezen fel\u00fcl tagjaink r\u00e9sz\u00e9re 46%-os UNIX kedvezm\u00e9nyt biztos\u00edtunk az orsz\u00e1g b\u00e1rmely UNIX \u00e1ruh\u00e1z\u00e1ban.<br \/>\n<a href=\"https:\/\/www.unixauto.hu\/\">www.unixauto.hu<\/a><br \/>\n<\/em><\/span><br \/>\n<\/span><span style=\"color: #008000;\"><em>K\u00f6vetkez\u0151 Partner\u00fcnk ahol az alkatr\u00e9szekre 25 % kedvezm\u00e9ny van \u00e9s a fel\u00faj\u00edt\u00e1sra 15 % a Kelle Familia Kft.<\/em><\/span><br \/>\n<span style=\"color: #008000;\"><em><a style=\"color: #008000;\" href=\"http:\/\/www.kelle.hu\">www.kelle.hu<\/a><br \/>\n<a style=\"color: #008000;\" href=\"http:\/\/www.kukolyvill.hu\">www.kukolyvill.hu<\/a><\/em><\/span><\/p>\n<p><img decoding=\"async\" class=\"alignnone size-thumbnail wp-image-5020\" src=\"http:\/\/www.veteranvolvo.hu\/wp-content\/uploads\/2019\/04\/20190403_214643-e1554332659752-150x150.jpg\" alt=\"\" width=\"150\" height=\"150\" srcset=\"https:\/\/www.veteranvolvo.hu\/wp-content\/uploads\/2019\/04\/20190403_214643-e1554332659752-150x150.jpg 150w, https:\/\/www.veteranvolvo.hu\/wp-content\/uploads\/2019\/04\/20190403_214643-e1554332659752-400x400.jpg 400w, https:\/\/www.veteranvolvo.hu\/wp-content\/uploads\/2019\/04\/20190403_214643-e1554332659752-100x100.jpg 100w\" sizes=\"(max-width: 150px) 100vw, 150px\" \/><\/p>\n<p><span style=\"color: #008000;\"><em>R\u00f6videsen a B\u00e1rdihoz is lesz kezdetben 30 % Kedvezm\u00e9ny.<\/em><\/span><br \/>\n2,<br \/>\n<span style=\"color: #ff0000;\">A f\u00f3rumra nem tudok bel\u00e9pni mi a gond?<\/span><\/p>\n<p>A regisztr\u00e1ci\u00f3t k\u00f6vet\u0151en a megadott <span style=\"color: #800000;\"><em><strong>felhaszn\u00e1l\u00f3 n\u00e9v \u00e9s az ahhoz tartoz\u00f3 jelsz\u00f3<\/strong><\/em><\/span><em>n<\/em> fel\u00fcl k\u00e9r a rendszer <em><strong>egy k\u00fcl\u00f6n jelsz\u00f3<\/strong>t!<\/em> A k\u00fcl\u00f6n jelsz\u00f3t mindenki megkapja aki a f\u00f3rumra regisztr\u00e1l \u00e9s val\u00f3s nevet, e-mailt ad meg. Na \u00e9s persze felvette vel\u00fcnk a kapcsolatot <em><strong>e-mailon<\/strong><\/em> kereszt\u00fcl. (<span style=\"color: #3366ff;\"><em><strong>veteranvolvo@hotmail.com<\/strong><\/em><\/span>). Vagy a facebook-on.<\/p>\n<p>Regisztr\u00e1ci\u00f3n\u00e1l k\u00e9r a rendszer egy website-ot. Ide b\u00e1rmit be lehet \u00edrni (kult\u00far\u00e1lt dolgot, egy\u00e9b esetben nem enged\u00e9lyezz\u00fck a regisztr\u00e1ci\u00f3t \u00e9s\u00a0 t\u00f6r\u00f6lj\u00fck. De ak\u00e1r ki is lehet h\u00fazni egy vonallal. \u00cdgy: &#8211;<\/p>\n<p>3<strong>,<\/strong><span style=\"color: #ff0000;\"><br \/>\nA plusz jelsz\u00f3n\u00e1l fontos a kis\/nagy bet\u0171 \u00e9s az \u00e9kezet (ha van)?<\/span><\/p>\n<p>Igen fontos term\u00e9szetesen!<\/p>\n<p><a href=\"http:\/\/www.veteranvolvo.hu\/?attachment_id=4316\" rel=\"attachment wp-att-4316\"><img decoding=\"async\" class=\"alignnone size-thumbnail wp-image-4316\" src=\"http:\/\/www.veteranvolvo.hu\/wp-content\/uploads\/2018\/04\/Biztons\u00e1gi-jelsz\u00f3-mez\u0151-150x150.jpg\" alt=\"\" width=\"150\" height=\"150\" srcset=\"https:\/\/www.veteranvolvo.hu\/wp-content\/uploads\/2018\/04\/Biztons\u00e1gi-jelsz\u00f3-mez\u0151-150x150.jpg 150w, https:\/\/www.veteranvolvo.hu\/wp-content\/uploads\/2018\/04\/Biztons\u00e1gi-jelsz\u00f3-mez\u0151-100x100.jpg 100w\" sizes=\"(max-width: 150px) 100vw, 150px\" \/><\/a><br \/>\nEbbe a sorba kell a +jelsz\u00f3 amit regisztr\u00e1l\u00e1s ut\u00e1n kaptok meg szem\u00e9lyesen facebook-on vagy e-mailban.\u00a0 Teh\u00e1t k\u00e9r\u00fcnk a regisztr\u00e1ci\u00f3 ut\u00e1n egy e-mailt a regisztr\u00e1lt n\u00e9vvel \u00e9s felhaszn\u00e1l\u00f3 n\u00e9vvel.<\/p>\n<p>4<strong>,<\/strong><span style=\"color: #ff0000;\"><br \/>\nA weboldal bizonyos r\u00e9szeit l\u00e1tom csak. A m\u00e1sik r\u00e9sz\u00e9hez jelsz\u00f3t k\u00e9r. Mi\u00e9rt?<\/span><\/p>\n<p>A weboldal ezen r\u00e9szei CSAK tagd\u00edjjal rendelkez\u0151, regisztr\u00e1lt taglaink r\u00e9sz\u00e9re \u00e9rhet\u0151 el.<\/p>\n<p>5<strong>,<\/strong><span style=\"color: #ff0000;\"><br \/>\nA f\u00f3rum haszn\u00e1lata:<\/span><\/p>\n<p>Mindenki az aut\u00f3ja t\u00edpus\u00e1hoz megfelel\u0151 r\u00e9szen tud k\u00e9rd\u00e9st feltenni, v v\u00e1laszolni. Term\u00e9szetesen, ha m\u00e1s t\u00edpus is \u00e9rdekli, v k\u00e9rd\u00e9se van, \u00e9rtelem szer\u0171en felteheti ott ahol helye van. Igyekezt\u00fcnk az itthon fel lelhet\u0151 t\u00edpusoknak k\u00fcl\u00f6n r\u00e9szlegeket, (topic-okat) adni.<br \/>\n<span id=\"fbPhotoSnowliftCaption\" class=\"fbPhotosPhotoCaption\" tabindex=\"0\" aria-live=\"polite\" data-ft=\"{&quot;tn&quot;:&quot;K&quot;}\"><span class=\"hasCaption\">Alul a kis 4zet jel\u00f6l\u00e9s\u00e9vel k\u00e9rhet\u0151 \u00e9rtes\u00edt\u00e9s a topicr\u00f3l.<br \/>\nCsatolhat\u00f3 f\u00e1jl is. Link is besz\u00farhat\u00f3. Bet\u0171m\u00e9ret \u00e9s sz\u00edn \u00e1ll\u00edthat\u00f3. Stb. \u00c9rtelemszer\u0171en<\/span><\/span><br \/>\nA f\u00f3rumra c\u00e9lszer\u00fc p\u00e1r naponta r\u00e1n\u00e9zni.<\/p>\n<p><a href=\"http:\/\/www.veteranvolvo.hu\/?attachment_id=4233\" rel=\"attachment wp-att-4233\"><img decoding=\"async\" class=\"alignnone size-thumbnail wp-image-4233\" src=\"http:\/\/www.veteranvolvo.hu\/wp-content\/uploads\/2018\/03\/\u00faj-topic-nyit\u00e1sa-150x150.jpg\" alt=\"\" width=\"150\" height=\"150\" srcset=\"https:\/\/www.veteranvolvo.hu\/wp-content\/uploads\/2018\/03\/\u00faj-topic-nyit\u00e1sa-150x150.jpg 150w, https:\/\/www.veteranvolvo.hu\/wp-content\/uploads\/2018\/03\/\u00faj-topic-nyit\u00e1sa-400x400.jpg 400w, https:\/\/www.veteranvolvo.hu\/wp-content\/uploads\/2018\/03\/\u00faj-topic-nyit\u00e1sa-100x100.jpg 100w\" sizes=\"(max-width: 150px) 100vw, 150px\" \/><\/a><\/p>\n<p>6<strong>,<\/strong><span style=\"color: #ff0000;\"><br \/>\nKell e bemutatkoz\u00e1s?<\/span><\/p>\n<p>Igen!<br \/>\nK\u00e9rn\u00e9k minden kedves regisztr\u00e1l\u00f3t, hogy a &#8222;<em><strong>Bemutatkoz\u00e1sok<\/strong><\/em>&#8221; rovatban \u00edrjon <em><strong>n\u00e9h\u00e1ny sor<\/strong><\/em>t az aut\u00f3j\u00e1r\u00f3l \u00e9s t\u00f6lts\u00f6n fel hozz\u00e1 minimum <em><strong>1 k\u00e9pet<\/strong><\/em>. Mindenki <em><strong>k\u00fcl\u00f6n<\/strong><\/em> k\u00e9sz\u00edtse el <em><strong>a mag\u00e1\u00e9t.<\/strong><\/em> Ne az el\u0151z\u0151\u00e9hez hozz\u00e1sz\u00f3lva vagy hasonl\u00f3 m\u00f3d. \u00daj r\u00e9sz: &#8222;<em><strong>New Topic&#8221; c\u00edmsz\u00f3 alatt.<\/strong><\/em><\/p>\n<p><a href=\"http:\/\/www.veteranvolvo.hu\/?attachment_id=4232\" rel=\"attachment wp-att-4232\"><img loading=\"lazy\" decoding=\"async\" class=\"alignnone size-thumbnail wp-image-4232\" src=\"http:\/\/www.veteranvolvo.hu\/wp-content\/uploads\/2018\/03\/bemutatkoz\u00e1s-topic-150x150.jpg\" alt=\"\" width=\"150\" height=\"150\" srcset=\"https:\/\/www.veteranvolvo.hu\/wp-content\/uploads\/2018\/03\/bemutatkoz\u00e1s-topic-150x150.jpg 150w, https:\/\/www.veteranvolvo.hu\/wp-content\/uploads\/2018\/03\/bemutatkoz\u00e1s-topic-400x400.jpg 400w, https:\/\/www.veteranvolvo.hu\/wp-content\/uploads\/2018\/03\/bemutatkoz\u00e1s-topic-100x100.jpg 100w\" sizes=\"(max-width: 150px) 100vw, 150px\" \/><\/a><\/p>\n<p>7<em><strong>,<\/strong><span style=\"color: #ff0000;\"><br \/>\nRegisztr\u00e1ci\u00f3:<\/span><\/em><\/p>\n<figure id=\"attachment_4231\" aria-describedby=\"caption-attachment-4231\" style=\"width: 150px\" class=\"wp-caption alignnone\"><a href=\"http:\/\/www.veteranvolvo.hu\/?attachment_id=4231\" rel=\"attachment wp-att-4231\"><img loading=\"lazy\" decoding=\"async\" class=\"wp-image-4231 size-thumbnail\" src=\"http:\/\/www.veteranvolvo.hu\/wp-content\/uploads\/2018\/03\/reg-150x150.jpg\" alt=\"\" width=\"150\" height=\"150\" srcset=\"https:\/\/www.veteranvolvo.hu\/wp-content\/uploads\/2018\/03\/reg-150x150.jpg 150w, https:\/\/www.veteranvolvo.hu\/wp-content\/uploads\/2018\/03\/reg-400x400.jpg 400w, https:\/\/www.veteranvolvo.hu\/wp-content\/uploads\/2018\/03\/reg-100x100.jpg 100w\" sizes=\"(max-width: 150px) 100vw, 150px\" \/><\/a><figcaption id=\"caption-attachment-4231\" class=\"wp-caption-text\">Regisztr\u00e1ci\u00f3s oldal<\/figcaption><\/figure>\n<p><span id=\"fbPhotoSnowliftCaption\" class=\"fbPhotosPhotoCaption\" tabindex=\"0\" aria-live=\"polite\" data-ft=\"{&quot;tn&quot;:&quot;K&quot;}\"><span class=\"hasCaption\">Website-hoz csak akkor \u00edrj, ha van. Ha nincs h\u00fazd ki vonallal (-).<br \/>\nVal\u00f3s e-mail c\u00edmet adj meg.<\/span><\/span><\/p>\n<p>8<strong>,<\/strong><span style=\"color: #ff0000;\"><em><br \/>\nF\u00f3rum men\u00fcje<\/em>:<br \/>\n<span style=\"color: #000000;\">(Mobil telefonr\u00f3l \u00e9s tabletr\u0151l haszn\u00e1lva az oldalt)<\/span><\/span><\/p>\n<p><a href=\"http:\/\/www.veteranvolvo.hu\/?attachment_id=4235\" rel=\"attachment wp-att-4235\"><img loading=\"lazy\" decoding=\"async\" class=\"alignnone size-thumbnail wp-image-4235\" src=\"http:\/\/www.veteranvolvo.hu\/wp-content\/uploads\/2018\/03\/f\u00f3rum-men\u00fc-150x150.jpg\" alt=\"\" width=\"150\" height=\"150\" srcset=\"https:\/\/www.veteranvolvo.hu\/wp-content\/uploads\/2018\/03\/f\u00f3rum-men\u00fc-150x150.jpg 150w, https:\/\/www.veteranvolvo.hu\/wp-content\/uploads\/2018\/03\/f\u00f3rum-men\u00fc-400x400.jpg 400w, https:\/\/www.veteranvolvo.hu\/wp-content\/uploads\/2018\/03\/f\u00f3rum-men\u00fc-100x100.jpg 100w\" sizes=\"(max-width: 150px) 100vw, 150px\" \/><\/a><br \/>\n<span id=\"fbPhotoSnowliftCaption\" class=\"fbPhotosPhotoCaption\" tabindex=\"0\" aria-live=\"polite\" data-ft=\"{&quot;tn&quot;:&quot;K&quot;}\"><span class=\"hasCaption\">A karik\u00e1zott r\u00e9szben l\u00e9v\u0151 3 cs\u00edk a f\u00f3rum b\u00e1rmely r\u00e9sz\u00e9ben el\u00e9rhet\u0151 ugyanezen helyen \u00e9s ezt a men\u00fc rendszert hozza le.<\/span><\/span><\/p>\n<div id=\"fbPhotoSnowliftCTMButton\">\u00a0N\u00e9h\u00e1ny k\u00e9p a sz\u00e9ri\u00e1khoz tartoz\u00f3 topicokr\u00f3l:<\/div>\n<div>\n<p><a href=\"http:\/\/www.veteranvolvo.hu\/?attachment_id=4237\" rel=\"attachment wp-att-4237\"><img loading=\"lazy\" decoding=\"async\" class=\"alignnone size-thumbnail wp-image-4237\" src=\"http:\/\/www.veteranvolvo.hu\/wp-content\/uploads\/2018\/03\/f\u00f3um-\u00f6sszes\u00edt\u00e9s-150x150.jpg\" alt=\"\" width=\"150\" height=\"150\" srcset=\"https:\/\/www.veteranvolvo.hu\/wp-content\/uploads\/2018\/03\/f\u00f3um-\u00f6sszes\u00edt\u00e9s-150x150.jpg 150w, https:\/\/www.veteranvolvo.hu\/wp-content\/uploads\/2018\/03\/f\u00f3um-\u00f6sszes\u00edt\u00e9s-400x400.jpg 400w, https:\/\/www.veteranvolvo.hu\/wp-content\/uploads\/2018\/03\/f\u00f3um-\u00f6sszes\u00edt\u00e9s-100x100.jpg 100w\" sizes=\"(max-width: 150px) 100vw, 150px\" \/><\/a> <a href=\"http:\/\/www.veteranvolvo.hu\/?attachment_id=4238\" rel=\"attachment wp-att-4238\"><img loading=\"lazy\" decoding=\"async\" class=\"alignnone size-thumbnail wp-image-4238\" src=\"http:\/\/www.veteranvolvo.hu\/wp-content\/uploads\/2018\/03\/200-700-sz\u00e9ria-150x150.jpg\" alt=\"\" width=\"150\" height=\"150\" srcset=\"https:\/\/www.veteranvolvo.hu\/wp-content\/uploads\/2018\/03\/200-700-sz\u00e9ria-150x150.jpg 150w, https:\/\/www.veteranvolvo.hu\/wp-content\/uploads\/2018\/03\/200-700-sz\u00e9ria-400x400.jpg 400w, https:\/\/www.veteranvolvo.hu\/wp-content\/uploads\/2018\/03\/200-700-sz\u00e9ria-100x100.jpg 100w\" sizes=\"(max-width: 150px) 100vw, 150px\" \/><\/a> <a href=\"http:\/\/www.veteranvolvo.hu\/?attachment_id=4239\" rel=\"attachment wp-att-4239\"><img loading=\"lazy\" decoding=\"async\" class=\"alignnone size-thumbnail wp-image-4239\" src=\"http:\/\/www.veteranvolvo.hu\/wp-content\/uploads\/2018\/03\/300-400-sz\u00e9ria-150x150.jpg\" alt=\"\" width=\"150\" height=\"150\" srcset=\"https:\/\/www.veteranvolvo.hu\/wp-content\/uploads\/2018\/03\/300-400-sz\u00e9ria-150x150.jpg 150w, https:\/\/www.veteranvolvo.hu\/wp-content\/uploads\/2018\/03\/300-400-sz\u00e9ria-400x400.jpg 400w, https:\/\/www.veteranvolvo.hu\/wp-content\/uploads\/2018\/03\/300-400-sz\u00e9ria-100x100.jpg 100w\" sizes=\"(max-width: 150px) 100vw, 150px\" \/><\/a><\/p>\n<p>Ugyan\u00edgy van 900-ashoz \u00e9s a 850-es sz\u00e9ri\u00e1hoz is.<br \/>\nHa b\u00e1rmilyen r\u00e9zre sz\u00fcks\u00e9g lenne jelezz\u00e9tek a veteranvolvo@hotmail.com-on.<\/p>\n<\/div>\n<p>9<\/p>\n<hr \/>\n<p><strong>,<\/strong><span style=\"color: #ff0000;\"><br \/>\nA F\u00f3rum profil k\u00e9p felt\u00f6lt\u00e9se.<\/span><\/p>\n<p>A f\u00f3rumn\u00e1l v\u00e1laszd a <em><strong><span style=\"color: #800000;\">My profile<\/span><\/strong><\/em>-t. majd a megjelen\u0151 r\u00e9szen az <em><strong><span style=\"color: #800000;\">Edit Profile-<\/span><\/strong><\/em>t.<\/p>\n<p>Az eg\u00e9sz legalj\u00e1n tal\u00e1lsz egy <strong>Use Custome Gravatar<\/strong> felirat mellett egy kis n\u00e9gyzetet. Ha ezt kipip\u00e1lod m\u00e1ris lehet\u0151s\u00e9ged ny\u00edlik k\u00e9pet felt\u00f6lteni. Az al\u00e1bbi k\u00e9pen l\u00e9v\u0151t kell l\u00e1tnod.<\/p>\n<p><a href=\"http:\/\/www.veteranvolvo.hu\/?attachment_id=4317\" rel=\"attachment wp-att-4317\"><img loading=\"lazy\" decoding=\"async\" class=\"alignnone size-thumbnail wp-image-4317\" src=\"http:\/\/www.veteranvolvo.hu\/wp-content\/uploads\/2018\/04\/Profil-k\u00e9p-150x150.jpg\" alt=\"\" width=\"150\" height=\"150\" srcset=\"https:\/\/www.veteranvolvo.hu\/wp-content\/uploads\/2018\/04\/Profil-k\u00e9p-150x150.jpg 150w, https:\/\/www.veteranvolvo.hu\/wp-content\/uploads\/2018\/04\/Profil-k\u00e9p-100x100.jpg 100w\" sizes=\"(max-width: 150px) 100vw, 150px\" \/><\/a><\/p>\n","protected":false},"excerpt":{"rendered":"<p>Gyakori ism\u00e9tl\u0151d\u0151 k\u00e9rd\u00e9sek FAQ 1, Mennyi az \u00e9ves tagd\u00edj \u00e9s mi\u00e9rt j\u00f3 ha tag vagyok? Az \u00e9ves tagd\u00edjunk 6000 Ft. Mert tagnak lenni j\u00f3. \ud83d\ude1b Egy\u00e9bk\u00e9nt t\u00e9nyleg egy k\u00f6z\u00f6ss\u00e9g tagja vagy \u00e9s sok mindenben tudunk seg\u00edts\u00e9get ny\u00fajtani. Szinte minden \u00e9vben van Essenheim-i alkatr\u00e9sz b\u00f6rz\u00e9re t\u00fara. Az MNHJR n\u00e9l elfogadott klub vagyunk. \u00cdgy hozz\u00e1juk csak 1000 [&hellip;]<\/p>\n","protected":false},"author":5,"featured_media":0,"parent":0,"menu_order":0,"comment_status":"closed","ping_status":"closed","template":"","meta":{"footnotes":""},"class_list":["post-4167","page","type-page","status-publish","hentry"],"_links":{"self":[{"href":"https:\/\/www.veteranvolvo.hu\/index.php?rest_route=\/wp\/v2\/pages\/4167","targetHints":{"allow":["GET"]}}],"collection":[{"href":"https:\/\/www.veteranvolvo.hu\/index.php?rest_route=\/wp\/v2\/pages"}],"about":[{"href":"https:\/\/www.veteranvolvo.hu\/index.php?rest_route=\/wp\/v2\/types\/page"}],"author":[{"embeddable":true,"href":"https:\/\/www.veteranvolvo.hu\/index.php?rest_route=\/wp\/v2\/users\/5"}],"replies":[{"embeddable":true,"href":"https:\/\/www.veteranvolvo.hu\/index.php?rest_route=%2Fwp%2Fv2%2Fcomments&post=4167"}],"version-history":[{"count":35,"href":"https:\/\/www.veteranvolvo.hu\/index.php?rest_route=\/wp\/v2\/pages\/4167\/revisions"}],"predecessor-version":[{"id":5364,"href":"https:\/\/www.veteranvolvo.hu\/index.php?rest_route=\/wp\/v2\/pages\/4167\/revisions\/5364"}],"wp:attachment":[{"href":"https:\/\/www.veteranvolvo.hu\/index.php?rest_route=%2Fwp%2Fv2%2Fmedia&parent=4167"}],"curies":[{"name":"wp","href":"https:\/\/api.w.org\/{rel}","templated":true}]}}