{"id":173,"date":"2018-01-09T12:42:09","date_gmt":"2018-01-09T11:42:09","guid":{"rendered":"http:\/\/demo.charlottesweb.hu\/vv\/?page_id=173"},"modified":"2019-11-25T09:42:22","modified_gmt":"2019-11-25T08:42:22","slug":"hirek","status":"publish","type":"page","link":"https:\/\/www.veteranvolvo.hu\/?page_id=173","title":{"rendered":"H\u00edrek"},"content":{"rendered":"<p style=\"text-align: center;\">\n<p>V\u00e1rjuk kedves Tagjainkat tov\u00e1bbra is \u00faj fel\u00fclet\u00fcnk\u00f6n \u00e9s F\u00f3rumunkon.<\/p>\n<hr \/>\n<h1 class=\"main-title main-title-topic\" style=\"text-align: center;\"><span style=\"color: #000080;\"><em><strong>Tavaszi gy\u00fclekez\u00e9s<\/strong><\/em><\/span><\/h1>\n<p>V\u00e1rn\u00e1nk minden kedves Veter\u00e1n volvoval rendelkez\u0151 jelentkez\u00e9s\u00e9t \u00e1prilis, m\u00e1jus fel\u00e9 gondoln\u00e1nk amikor m\u00e1r jobb id\u0151 lesz. Ha m\u00e1rcius akkor m\u00e1rcius. A tal\u00e1lkoz\u00f3 helye Fej\u00e9r megye lenne. A Bicskei Piact\u00e9ren. Hely van b\u0151ven. Egy h\u00e9tv\u00e9g\u00e9n, h min\u00e9l t\u00f6bb embernek j\u00f3 legyen.<br \/>\nAkit \u00e9rdekel az k\u00e9rem jelezze a F\u00f3rumon! Ott tartjuk a kapcsolatot mindenkivel!<\/p>\n<p style=\"text-align: left;\">k\u00f6sz\u00f6n\u00f6m.<br \/>\n\u00dcdv<br \/>\nDinom<\/p>\n<h3><\/h3>\n<hr \/>\n<h3><em><a href=\"https:\/\/www.volvobeurs.nl\/\"><img fetchpriority=\"high\" decoding=\"async\" class=\"alignnone wp-image-5372 size-full\" src=\"http:\/\/www.veteranvolvo.hu\/wp-content\/uploads\/2019\/09\/volvo-beurs-2019_2.jpg\" alt=\"\" width=\"1152\" height=\"383\" srcset=\"https:\/\/www.veteranvolvo.hu\/wp-content\/uploads\/2019\/09\/volvo-beurs-2019_2.jpg 1152w, https:\/\/www.veteranvolvo.hu\/wp-content\/uploads\/2019\/09\/volvo-beurs-2019_2-300x100.jpg 300w, https:\/\/www.veteranvolvo.hu\/wp-content\/uploads\/2019\/09\/volvo-beurs-2019_2-768x255.jpg 768w, https:\/\/www.veteranvolvo.hu\/wp-content\/uploads\/2019\/09\/volvo-beurs-2019_2-1024x340.jpg 1024w\" sizes=\"(max-width: 1152px) 100vw, 1152px\" \/><\/a><\/em><\/h3>\n<h3 style=\"text-align: center;\"><em>Volvo <a href=\"https:\/\/www.volvobeurs.nl\/\">Beurs<\/a> 2019<br \/>\n<\/em><\/h3>\n<h4 style=\"text-align: center;\"><strong>szeptember 28 &#8211; 29 <\/strong><\/h4>\n<p><a href=\"https:\/\/www.volvobeurs.nl\/\"><em><img decoding=\"async\" class=\"wp-image-5371 size-thumbnail aligncenter\" src=\"http:\/\/www.veteranvolvo.hu\/wp-content\/uploads\/2019\/09\/volvo-beurs-2019-150x150.png\" alt=\"\" width=\"150\" height=\"150\" srcset=\"https:\/\/www.veteranvolvo.hu\/wp-content\/uploads\/2019\/09\/volvo-beurs-2019-150x150.png 150w, https:\/\/www.veteranvolvo.hu\/wp-content\/uploads\/2019\/09\/volvo-beurs-2019-100x100.png 100w\" sizes=\"(max-width: 150px) 100vw, 150px\" \/><\/em><\/a><\/p>\n<hr \/>\n<hr \/>\n<h4 style=\"text-align: center;\"><em>27. Volvo Klassiker Beurs<\/em><br \/>\n<em> 2018 szeptember 22-23<\/em><\/h4>\n<p style=\"text-align: center;\"><em><a href=\"http:\/\/www.veteranvolvo.hu\/?attachment_id=4452\" rel=\"attachment wp-att-4449\"><img decoding=\"async\" class=\"alignnone wp-image-4452 size-thumbnail aligncenter\" src=\"http:\/\/www.veteranvolvo.hu\/wp-content\/uploads\/2018\/09\/volvo-klassik-beurs-150x150.jpg\" alt=\"\" width=\"150\" height=\"150\" srcset=\"https:\/\/www.veteranvolvo.hu\/wp-content\/uploads\/2018\/09\/volvo-klassik-beurs-150x150.jpg 150w, https:\/\/www.veteranvolvo.hu\/wp-content\/uploads\/2018\/09\/volvo-klassik-beurs-400x400.jpg 400w, https:\/\/www.veteranvolvo.hu\/wp-content\/uploads\/2018\/09\/volvo-klassik-beurs-100x100.jpg 100w\" sizes=\"(max-width: 150px) 100vw, 150px\" \/><\/a><\/em><em>R<\/em><em>\u00e9szletes i<\/em><em>nform\u00e1ci\u00f3<strong>: <a href=\"https:\/\/www.volvobeurs.nl\/\">https:\/\/www.volvobeurs.nl\/<\/a><\/strong><\/em><\/p>\n<hr \/>\n<h2 style=\"text-align: center;\"><span style=\"color: #333399;\">2018 (\u00c1prilis 2)<br \/>\nId\u00e9n is megrendez\u00e9sre ker\u00fcl az \u00e9venk\u00e9nti megszokott<\/span><br \/>\n<span style=\"color: #333399;\"> ORSZ\u00c1GOS VOLVO TAL\u00c1LKOZ\u00d3.<\/span><\/h2>\n<h3><span style=\"color: #33cccc;\"><span style=\"color: #800000;\"><em>Az esem\u00e9ny Facebook oldala:<\/em><\/span><strong> <a style=\"color: #33cccc;\" href=\"https:\/\/www.facebook.com\/events\/223197531591821\/\">XXIII. OVT<\/a>\u00a0<\/strong><\/span><\/h3>\n<p>Id\u0151pont: 2018. J\u00fanius 9 (szombat) d\u00e9lel\u0151tt 10:00 &#8211; 15:00-ig.<\/p>\n<p>V\u00e1runk mindenkit szeretettel.<br \/>\nHa valakinek nincs FB oldala az jelentkezhet a f\u00f3rumon is vagy ak\u00e1r szem\u00e9lyesen a klub mail c\u00edm\u00e9n. \ud83d\ude09<\/p>\n<hr \/>\n<p>Meg\u00fajultunk! (2018 febru\u00e1r)<\/p>\n<hr \/>\n<p style=\"text-align: center;\"><em><span style=\"color: #808080;\">A honlapon szerepl\u0151 anyagok, k\u00e9pek a \u201cVolvo Car Corporation\u201d \u00e9s a magyarorsz\u00e1gi veter\u00e1n Volv\u00f3k tulajdonosainak szellemi tulajdon\u00e1t k\u00e9pezik!<\/span><\/em><\/p>\n<p style=\"text-align: right;\"><a href=\"http:\/\/cicvarekkuckoja.hu\/volvo4xx\/volvok\/weblap-keszites-szerkesztes-es-karbantartas\/\"><span style=\"color: #999999;\">Webmester &#8211; minden, ami port\u00e1l\u00e9p\u00edt\u00e9s!<\/span><\/a><\/p>\n","protected":false},"excerpt":{"rendered":"<p>V\u00e1rjuk kedves Tagjainkat tov\u00e1bbra is \u00faj fel\u00fclet\u00fcnk\u00f6n \u00e9s F\u00f3rumunkon. Tavaszi gy\u00fclekez\u00e9s V\u00e1rn\u00e1nk minden kedves Veter\u00e1n volvoval rendelkez\u0151 jelentkez\u00e9s\u00e9t \u00e1prilis, m\u00e1jus fel\u00e9 gondoln\u00e1nk amikor m\u00e1r jobb id\u0151 lesz. Ha m\u00e1rcius akkor m\u00e1rcius. A tal\u00e1lkoz\u00f3 helye Fej\u00e9r megye lenne. A Bicskei Piact\u00e9ren. Hely van b\u0151ven. Egy h\u00e9tv\u00e9g\u00e9n, h min\u00e9l t\u00f6bb embernek j\u00f3 legyen. Akit \u00e9rdekel az k\u00e9rem [&hellip;]<\/p>\n","protected":false},"author":1,"featured_media":0,"parent":0,"menu_order":0,"comment_status":"closed","ping_status":"closed","template":"","meta":{"footnotes":""},"class_list":["post-173","page","type-page","status-publish","hentry"],"_links":{"self":[{"href":"https:\/\/www.veteranvolvo.hu\/index.php?rest_route=\/wp\/v2\/pages\/173","targetHints":{"allow":["GET"]}}],"collection":[{"href":"https:\/\/www.veteranvolvo.hu\/index.php?rest_route=\/wp\/v2\/pages"}],"about":[{"href":"https:\/\/www.veteranvolvo.hu\/index.php?rest_route=\/wp\/v2\/types\/page"}],"author":[{"embeddable":true,"href":"https:\/\/www.veteranvolvo.hu\/index.php?rest_route=\/wp\/v2\/users\/1"}],"replies":[{"embeddable":true,"href":"https:\/\/www.veteranvolvo.hu\/index.php?rest_route=%2Fwp%2Fv2%2Fcomments&post=173"}],"version-history":[{"count":11,"href":"https:\/\/www.veteranvolvo.hu\/index.php?rest_route=\/wp\/v2\/pages\/173\/revisions"}],"predecessor-version":[{"id":5718,"href":"https:\/\/www.veteranvolvo.hu\/index.php?rest_route=\/wp\/v2\/pages\/173\/revisions\/5718"}],"wp:attachment":[{"href":"https:\/\/www.veteranvolvo.hu\/index.php?rest_route=%2Fwp%2Fv2%2Fmedia&parent=173"}],"curies":[{"name":"wp","href":"https:\/\/api.w.org\/{rel}","templated":true}]}}

Hírek

<p style="text-align: center;">
<p>Várjuk kedves Tagjainkat továbbra is új felületünkön és Fórumunkon.</p>
<hr />
<h1 class="main-title main-title-topic" style="text-align: center;"><span style="color: #000080;"><em><strong>Tavaszi gyülekezés</strong></em></span></h1>
<p>Várnánk minden kedves Veterán volvoval rendelkező jelentkezését április, május felé gondolnánk amikor már jobb idő lesz. Ha március akkor március. A találkozó helye Fejér megye lenne. A Bicskei Piactéren. Hely van bőven. Egy hétvégén, h minél több embernek jó legyen.<br />
Akit érdekel az kérem jelezze a Fórumon! Ott tartjuk a kapcsolatot mindenkivel!</p>
<p style="text-align: left;">köszönöm.<br />
Üdv<br />
Dinom</p>
<h3></h3>
<hr />
<h3><em><a href="https://www.volvobeurs.nl/"><img fetchpriority="high" decoding="async" class="alignnone wp-image-5372 size-full" src="http://www.veteranvolvo.hu/wp-content/uploads/2019/09/volvo-beurs-2019_2.jpg" alt="" width="1152" height="383" srcset="https://www.veteranvolvo.hu/wp-content/uploads/2019/09/volvo-beurs-2019_2.jpg 1152w, https://www.veteranvolvo.hu/wp-content/uploads/2019/09/volvo-beurs-2019_2-300x100.jpg 300w, https://www.veteranvolvo.hu/wp-content/uploads/2019/09/volvo-beurs-2019_2-768x255.jpg 768w, https://www.veteranvolvo.hu/wp-content/uploads/2019/09/volvo-beurs-2019_2-1024x340.jpg 1024w" sizes="(max-width: 1152px) 100vw, 1152px" /></a></em></h3>
<h3 style="text-align: center;"><em>Volvo <a href="https://www.volvobeurs.nl/">Beurs</a> 2019<br />
</em></h3>
<h4 style="text-align: center;"><strong>szeptember 28 &#8211; 29 </strong></h4>
<p><a href="https://www.volvobeurs.nl/"><em><img decoding="async" class="wp-image-5371 size-thumbnail aligncenter" src="http://www.veteranvolvo.hu/wp-content/uploads/2019/09/volvo-beurs-2019-150x150.png" alt="" width="150" height="150" srcset="https://www.veteranvolvo.hu/wp-content/uploads/2019/09/volvo-beurs-2019-150x150.png 150w, https://www.veteranvolvo.hu/wp-content/uploads/2019/09/volvo-beurs-2019-100x100.png 100w" sizes="(max-width: 150px) 100vw, 150px" /></em></a></p>
<hr />
<hr />
<h4 style="text-align: center;"><em>27. Volvo Klassiker Beurs</em><br />
<em> 2018 szeptember 22-23</em></h4>
<p style="text-align: center;"><em><a href="http://www.veteranvolvo.hu/?attachment_id=4452" rel="attachment wp-att-4449"><img decoding="async" class="alignnone wp-image-4452 size-thumbnail aligncenter" src="http://www.veteranvolvo.hu/wp-content/uploads/2018/09/volvo-klassik-beurs-150x150.jpg" alt="" width="150" height="150" srcset="https://www.veteranvolvo.hu/wp-content/uploads/2018/09/volvo-klassik-beurs-150x150.jpg 150w, https://www.veteranvolvo.hu/wp-content/uploads/2018/09/volvo-klassik-beurs-400x400.jpg 400w, https://www.veteranvolvo.hu/wp-content/uploads/2018/09/volvo-klassik-beurs-100x100.jpg 100w" sizes="(max-width: 150px) 100vw, 150px" /></a></em><em>R</em><em>észletes i</em><em>nformáció<strong>: <a href="https://www.volvobeurs.nl/">https://www.volvobeurs.nl/</a></strong></em></p>
<hr />
<h2 style="text-align: center;"><span style="color: #333399;">2018 (Április 2)<br />
Idén is megrendezésre kerül az évenkénti megszokott</span><br />
<span style="color: #333399;"> ORSZÁGOS VOLVO TALÁLKOZÓ.</span></h2>
<h3><span style="color: #33cccc;"><span style="color: #800000;"><em>Az esemény Facebook oldala:</em></span><strong> <a style="color: #33cccc;" href="https://www.facebook.com/events/223197531591821/">XXIII. OVT</a> </strong></span></h3>
<p>Időpont: 2018. Június 9 (szombat) délelőtt 10:00 &#8211; 15:00-ig.</p>
<p>Várunk mindenkit szeretettel.<br />
Ha valakinek nincs FB oldala az jelentkezhet a fórumon is vagy akár személyesen a klub mail címén. 😉</p>
<hr />
<p>Megújultunk! (2018 február)</p>
<hr />
<p style="text-align: center;"><em><span style="color: #808080;">A honlapon szereplő anyagok, képek a “Volvo Car Corporation” és a magyarországi veterán Volvók tulajdonosainak szellemi tulajdonát képezik!</span></em></p>
<p style="text-align: right;"><a href="http://cicvarekkuckoja.hu/volvo4xx/volvok/weblap-keszites-szerkesztes-es-karbantartas/"><span style="color: #999999;">Webmester &#8211; minden, ami portálépítés!</span></a></p>

<p>Várjuk kedves Tagjainkat továbbra is új felületünkön és Fórumunkon. Tavaszi gyülekezés Várnánk minden kedves Veterán volvoval rendelkező jelentkezését április, május felé gondolnánk amikor már jobb idő lesz. Ha március akkor március. A találkozó helye Fejér megye lenne. A Bicskei Piactéren. Hely van bőven. Egy hétvégén, h minél több embernek jó legyen. Akit érdekel az kérem [&hellip;]</p>
