{"id":4316,"date":"2018-04-05T18:25:48","date_gmt":"2018-04-05T16:25:48","guid":{"rendered":"http:\/\/www.veteranvolvo.hu\/wp-content\/uploads\/2018\/04\/Biztons\u00e1gi-jelsz\u00f3-mez\u0151.bmp"},"modified":"2018-04-05T18:25:48","modified_gmt":"2018-04-05T16:25:48","slug":"biztonsagi-jelszo-mezo","status":"inherit","type":"attachment","link":"https:\/\/www.veteranvolvo.hu\/?attachment_id=4316","title":{"rendered":"Biztons\u00e1gi jelsz\u00f3 mez\u0151"},"author":5,"featured_media":0,"comment_status":"open","ping_status":"closed","template":"","meta":[],"class_list":["post-4316","attachment","type-attachment","status-inherit","hentry"],"description":{"rendered":"<p class=\"attachment\"><a href='https:\/\/www.veteranvolvo.hu\/wp-content\/uploads\/2018\/04\/Biztons\u00e1gi-jelsz\u00f3-mez\u0151.bmp'><img decoding=\"async\" width=\"300\" height=\"122\" src=\"https:\/\/www.veteranvolvo.hu\/wp-content\/uploads\/2018\/04\/Biztons\u00e1gi-jelsz\u00f3-mez\u0151-300x122.jpg\" class=\"attachment-medium size-medium\" alt=\"\" srcset=\"https:\/\/www.veteranvolvo.hu\/wp-content\/uploads\/2018\/04\/Biztons\u00e1gi-jelsz\u00f3-mez\u0151-300x122.jpg 300w, https:\/\/www.veteranvolvo.hu\/wp-content\/uploads\/2018\/04\/Biztons\u00e1gi-jelsz\u00f3-mez\u0151-768x314.jpg 768w, https:\/\/www.veteranvolvo.hu\/wp-content\/uploads\/2018\/04\/Biztons\u00e1gi-jelsz\u00f3-mez\u0151.bmp 943w\" sizes=\"(max-width: 300px) 100vw, 300px\" \/><\/a><\/p>\n"},"caption":{"rendered":""},"alt_text":"","media_type":"image","mime_type":"image\/bmp","media_details":{"width":943,"height":385,"file":"2018\/04\/Biztons\u00e1gi-jelsz\u00f3-mez\u0151.bmp","sizes":{"thumbnail":{"file":"Biztons\u00e1gi-jelsz\u00f3-mez\u0151-150x150.jpg","width":150,"height":150,"mime_type":"image\/jpeg","source_url":"https:\/\/www.veteranvolvo.hu\/wp-content\/uploads\/2018\/04\/Biztons\u00e1gi-jelsz\u00f3-mez\u0151-150x150.jpg"},"medium":{"file":"Biztons\u00e1gi-jelsz\u00f3-mez\u0151-300x122.jpg","width":300,"height":122,"mime_type":"image\/jpeg","source_url":"https:\/\/www.veteranvolvo.hu\/wp-content\/uploads\/2018\/04\/Biztons\u00e1gi-jelsz\u00f3-mez\u0151-300x122.jpg"},"medium_large":{"file":"Biztons\u00e1gi-jelsz\u00f3-mez\u0151-768x314.jpg","width":768,"height":314,"mime_type":"image\/jpeg","source_url":"https:\/\/www.veteranvolvo.hu\/wp-content\/uploads\/2018\/04\/Biztons\u00e1gi-jelsz\u00f3-mez\u0151-768x314.jpg"},"hashone-portfolio-thumb":{"file":"Biztons\u00e1gi-jelsz\u00f3-mez\u0151-550x385.jpg","width":550,"height":385,"mime_type":"image\/jpeg","source_url":"https:\/\/www.veteranvolvo.hu\/wp-content\/uploads\/2018\/04\/Biztons\u00e1gi-jelsz\u00f3-mez\u0151-550x385.jpg"},"hashone-team-thumb":{"file":"Biztons\u00e1gi-jelsz\u00f3-mez\u0151-400x385.jpg","width":400,"height":385,"mime_type":"image\/jpeg","source_url":"https:\/\/www.veteranvolvo.hu\/wp-content\/uploads\/2018\/04\/Biztons\u00e1gi-jelsz\u00f3-mez\u0151-400x385.jpg"},"hashone-thumb":{"file":"Biztons\u00e1gi-jelsz\u00f3-mez\u0151-100x100.jpg","width":100,"height":100,"mime_type":"image\/jpeg","source_url":"https:\/\/www.veteranvolvo.hu\/wp-content\/uploads\/2018\/04\/Biztons\u00e1gi-jelsz\u00f3-mez\u0151-100x100.jpg"},"hashone-blog-header":{"file":"Biztons\u00e1gi-jelsz\u00f3-mez\u0151-700x340.jpg","width":700,"height":340,"mime_type":"image\/jpeg","source_url":"https:\/\/www.veteranvolvo.hu\/wp-content\/uploads\/2018\/04\/Biztons\u00e1gi-jelsz\u00f3-mez\u0151-700x340.jpg"},"full":{"file":"Biztons\u00e1gi-jelsz\u00f3-mez\u0151.bmp","width":943,"height":385,"mime_type":"image\/bmp","source_url":"https:\/\/www.veteranvolvo.hu\/wp-content\/uploads\/2018\/04\/Biztons\u00e1gi-jelsz\u00f3-mez\u0151.bmp"}},"image_meta":{"aperture":"0","credit":"","camera":"","caption":"","created_timestamp":"0","copyright":"","focal_length":"0","iso":"0","shutter_speed":"0","title":"","orientation":"0","keywords":[]}},"post":4167,"source_url":"https:\/\/www.veteranvolvo.hu\/wp-content\/uploads\/2018\/04\/Biztons\u00e1gi-jelsz\u00f3-mez\u0151.bmp","_links":{"self":[{"href":"https:\/\/www.veteranvolvo.hu\/index.php?rest_route=\/wp\/v2\/media\/4316","targetHints":{"allow":["GET"]}}],"collection":[{"href":"https:\/\/www.veteranvolvo.hu\/index.php?rest_route=\/wp\/v2\/media"}],"about":[{"href":"https:\/\/www.veteranvolvo.hu\/index.php?rest_route=\/wp\/v2\/types\/attachment"}],"author":[{"embeddable":true,"href":"https:\/\/www.veteranvolvo.hu\/index.php?rest_route=\/wp\/v2\/users\/5"}],"replies":[{"embeddable":true,"href":"https:\/\/www.veteranvolvo.hu\/index.php?rest_route=%2Fwp%2Fv2%2Fcomments&post=4316"}]}}

http://www.veteranvolvo.hu/wp-content/uploads/2018/04/Biztonsági-jelszó-mező.bmp

Biztonsági jelszó mező

<p class="attachment"><a href='https://www.veteranvolvo.hu/wp-content/uploads/2018/04/Biztonsági-jelszó-mező.bmp'><img decoding="async" width="300" height="122" src="https://www.veteranvolvo.hu/wp-content/uploads/2018/04/Biztonsági-jelszó-mező-300x122.jpg" class="attachment-medium size-medium" alt="" srcset="https://www.veteranvolvo.hu/wp-content/uploads/2018/04/Biztonsági-jelszó-mező-300x122.jpg 300w, https://www.veteranvolvo.hu/wp-content/uploads/2018/04/Biztonsági-jelszó-mező-768x314.jpg 768w, https://www.veteranvolvo.hu/wp-content/uploads/2018/04/Biztonsági-jelszó-mező.bmp 943w" sizes="(max-width: 300px) 100vw, 300px" /></a></p>

2018/04/Biztonsági-jelszó-mező.bmp

Biztonsági-jelszó-mező-150x150.jpg

https://www.veteranvolvo.hu/wp-content/uploads/2018/04/Biztonsági-jelszó-mező-150x150.jpg

Biztonsági-jelszó-mező-300x122.jpg

https://www.veteranvolvo.hu/wp-content/uploads/2018/04/Biztonsági-jelszó-mező-300x122.jpg

Biztonsági-jelszó-mező-768x314.jpg

https://www.veteranvolvo.hu/wp-content/uploads/2018/04/Biztonsági-jelszó-mező-768x314.jpg

Biztonsági-jelszó-mező-550x385.jpg

https://www.veteranvolvo.hu/wp-content/uploads/2018/04/Biztonsági-jelszó-mező-550x385.jpg

Biztonsági-jelszó-mező-400x385.jpg

https://www.veteranvolvo.hu/wp-content/uploads/2018/04/Biztonsági-jelszó-mező-400x385.jpg

Biztonsági-jelszó-mező-100x100.jpg

https://www.veteranvolvo.hu/wp-content/uploads/2018/04/Biztonsági-jelszó-mező-100x100.jpg

Biztonsági-jelszó-mező-700x340.jpg

https://www.veteranvolvo.hu/wp-content/uploads/2018/04/Biztonsági-jelszó-mező-700x340.jpg

Biztonsági-jelszó-mező.bmp

https://www.veteranvolvo.hu/wp-content/uploads/2018/04/Biztonsági-jelszó-mező.bmp
